{"version":"1.0","provider_name":"24GLIWICE - Portal Gliwice | codziennie nowe informacje","provider_url":"https:\/\/www.24gliwice.pl\/wiadomosci","title":"ZDM potwierdzi\u0142 termin remontu ul. Jagiello\u0144skiej. Rozpocznie si\u0119 od usuni\u0119cia tor\u00f3w - 24GLIWICE - Portal Gliwice | codziennie nowe informacje","type":"rich","width":600,"height":338,"html":"<blockquote class=\"wp-embedded-content\" data-secret=\"dnHwAJI2y9\"><a href=\"https:\/\/www.24gliwice.pl\/wiadomosci\/remont-ulicy-jagiellonskiej-w-gliwicach\/\">ZDM potwierdzi\u0142 termin remontu ul. Jagiello\u0144skiej. Rozpocznie si\u0119 od usuni\u0119cia tor\u00f3w<\/a><\/blockquote><iframe sandbox=\"allow-scripts\" security=\"restricted\" src=\"https:\/\/www.24gliwice.pl\/wiadomosci\/remont-ulicy-jagiellonskiej-w-gliwicach\/embed\/#?secret=dnHwAJI2y9\" width=\"600\" height=\"338\" title=\"&#8222;ZDM potwierdzi\u0142 termin remontu ul. Jagiello\u0144skiej. Rozpocznie si\u0119 od usuni\u0119cia tor\u00f3w&#8221; &#8212; 24GLIWICE - Portal Gliwice | codziennie nowe informacje\" data-secret=\"dnHwAJI2y9\" frameborder=\"0\" marginwidth=\"0\" marginheight=\"0\" scrolling=\"no\" class=\"wp-embedded-content\"><\/iframe><script type=\"text\/javascript\">\n\/* <![CDATA[ *\/\n\/*! This file is auto-generated *\/\n!function(d,l){\"use strict\";l.querySelector&&d.addEventListener&&\"undefined\"!=typeof URL&&(d.wp=d.wp||{},d.wp.receiveEmbedMessage||(d.wp.receiveEmbedMessage=function(e){var t=e.data;if((t||t.secret||t.message||t.value)&&!\/[^a-zA-Z0-9]\/.test(t.secret)){for(var s,r,n,a=l.querySelectorAll('iframe[data-secret=\"'+t.secret+'\"]'),o=l.querySelectorAll('blockquote[data-secret=\"'+t.secret+'\"]'),c=new RegExp(\"^https?:$\",\"i\"),i=0;i<o.length;i++)o[i].style.display=\"none\";for(i=0;i<a.length;i++)s=a[i],e.source===s.contentWindow&&(s.removeAttribute(\"style\"),\"height\"===t.message?(1e3<(r=parseInt(t.value,10))?r=1e3:~~r<200&&(r=200),s.height=r):\"link\"===t.message&&(r=new URL(s.getAttribute(\"src\")),n=new URL(t.value),c.test(n.protocol))&&n.host===r.host&&l.activeElement===s&&(d.top.location.href=t.value))}},d.addEventListener(\"message\",d.wp.receiveEmbedMessage,!1),l.addEventListener(\"DOMContentLoaded\",function(){for(var e,t,s=l.querySelectorAll(\"iframe.wp-embedded-content\"),r=0;r<s.length;r++)(t=(e=s[r]).getAttribute(\"data-secret\"))||(t=Math.random().toString(36).substring(2,12),e.src+=\"#?secret=\"+t,e.setAttribute(\"data-secret\",t)),e.contentWindow.postMessage({message:\"ready\",secret:t},\"*\")},!1)))}(window,document);\n\/\/# sourceURL=https:\/\/www.24gliwice.pl\/wiadomosci\/wp-includes\/js\/wp-embed.min.js\n\/* ]]> *\/\n<\/script>\n","thumbnail_url":"https:\/\/www.24gliwice.pl\/wiadomosci\/wp-content\/uploads\/2018\/07\/1-20160310_102826-001.jpg","thumbnail_width":810,"thumbnail_height":457,"description":"To wyczekiwana przez kierowc\u00f3w realizacja, kt\u00f3ra od lat by\u0142a odsuwana w czasie. Najpierw w usuni\u0119ciu torowiska i wymianie nawierzchni ulicy Jagiello\u0144skiej przeszkadza\u0142a trwaj\u0105ca do marca 2016 roku budowa DT\u015a. P\u00f3\u017aniej rozpocz\u0119\u0142o si\u0119 \u017cmudne projektowanie. Niemal po 2,5 roku od zako\u0144czenia realizacji drogowej trasy \u015brednicowej ZDM og\u0142osi\u0142 pocz\u0105tek rob\u00f3t zwi\u0105zanych z remontem ulicy Jagiello\u0144skiej. Przyczyn\u0105 odraczanego [&hellip;]"}

ZDM potwierdził termin remontu ul. Jagiellońskiej. Rozpocznie się od usunięcia torów - 24GLIWICE - Portal Gliwice | codziennie nowe informacje

<blockquote class="wp-embedded-content" data-secret="dnHwAJI2y9"><a href="https://www.24gliwice.pl/wiadomosci/remont-ulicy-jagiellonskiej-w-gliwicach/">ZDM potwierdził termin remontu ul. Jagiellońskiej. Rozpocznie się od usunięcia torów</a></blockquote><iframe sandbox="allow-scripts" security="restricted" src="https://www.24gliwice.pl/wiadomosci/remont-ulicy-jagiellonskiej-w-gliwicach/embed/#?secret=dnHwAJI2y9" width="600" height="338" title="&#8222;ZDM potwierdził termin remontu ul. Jagiellońskiej. Rozpocznie się od usunięcia torów&#8221; &#8212; 24GLIWICE - Portal Gliwice | codziennie nowe informacje" data-secret="dnHwAJI2y9" frameborder="0" marginwidth="0" marginheight="0" scrolling="no" class="wp-embedded-content"></iframe><script type="text/javascript">
/* <![CDATA[ */
/*! This file is auto-generated */
!function(d,l){"use strict";l.querySelector&&d.addEventListener&&"undefined"!=typeof URL&&(d.wp=d.wp||{},d.wp.receiveEmbedMessage||(d.wp.receiveEmbedMessage=function(e){var t=e.data;if((t||t.secret||t.message||t.value)&&!/[^a-zA-Z0-9]/.test(t.secret)){for(var s,r,n,a=l.querySelectorAll('iframe[data-secret="'+t.secret+'"]'),o=l.querySelectorAll('blockquote[data-secret="'+t.secret+'"]'),c=new RegExp("^https?:$","i"),i=0;i<o.length;i++)o[i].style.display="none";for(i=0;i<a.length;i++)s=a[i],e.source===s.contentWindow&&(s.removeAttribute("style"),"height"===t.message?(1e3<(r=parseInt(t.value,10))?r=1e3:~~r<200&&(r=200),s.height=r):"link"===t.message&&(r=new URL(s.getAttribute("src")),n=new URL(t.value),c.test(n.protocol))&&n.host===r.host&&l.activeElement===s&&(d.top.location.href=t.value))}},d.addEventListener("message",d.wp.receiveEmbedMessage,!1),l.addEventListener("DOMContentLoaded",function(){for(var e,t,s=l.querySelectorAll("iframe.wp-embedded-content"),r=0;r<s.length;r++)(t=(e=s[r]).getAttribute("data-secret"))||(t=Math.random().toString(36).substring(2,12),e.src+="#?secret="+t,e.setAttribute("data-secret",t)),e.contentWindow.postMessage({message:"ready",secret:t},"*")},!1)))}(window,document);
//# sourceURL=https://www.24gliwice.pl/wiadomosci/wp-includes/js/wp-embed.min.js
/* ]]> */
</script>

To wyczekiwana przez kierowców realizacja, która od lat była odsuwana w czasie. Najpierw w usunięciu torowiska i wymianie nawierzchni ulicy Jagiellońskiej przeszkadzała trwająca do marca 2016 roku budowa DTŚ. Później rozpoczęło się żmudne projektowanie. Niemal po 2,5 roku od zakończenia realizacji drogowej trasy średnicowej ZDM ogłosił początek robót związanych z remontem ulicy Jagiellońskiej. Przyczyną odraczanego [&hellip;]
