{"version":"1.0","provider_name":"24GLIWICE - Portal Gliwice | codziennie nowe informacje","provider_url":"https:\/\/www.24gliwice.pl\/wiadomosci","title":"\"Twarze ludowego karnawa\u0142u\" w Zamku Piastowskim w Gliwicach. To ca\u0142kiem nowa ekspozycja Muzeum - 24GLIWICE - Portal Gliwice | codziennie nowe informacje","type":"rich","width":600,"height":338,"html":"<blockquote class=\"wp-embedded-content\" data-secret=\"3uVebeyq4K\"><a href=\"https:\/\/www.24gliwice.pl\/wiadomosci\/twarze-ludowego-karnawalu-w-zamku-piastowskim-w-gliwicach\/\">&#8220;Twarze ludowego karnawa\u0142u&#8221; w Zamku Piastowskim w Gliwicach. To ca\u0142kiem nowa ekspozycja Muzeum<\/a><\/blockquote><iframe sandbox=\"allow-scripts\" security=\"restricted\" src=\"https:\/\/www.24gliwice.pl\/wiadomosci\/twarze-ludowego-karnawalu-w-zamku-piastowskim-w-gliwicach\/embed\/#?secret=3uVebeyq4K\" width=\"600\" height=\"338\" title=\"&#8222;&#8220;Twarze ludowego karnawa\u0142u&#8221; w Zamku Piastowskim w Gliwicach. To ca\u0142kiem nowa ekspozycja Muzeum&#8221; &#8212; 24GLIWICE - Portal Gliwice | codziennie nowe informacje\" data-secret=\"3uVebeyq4K\" frameborder=\"0\" marginwidth=\"0\" marginheight=\"0\" scrolling=\"no\" class=\"wp-embedded-content\"><\/iframe><script type=\"text\/javascript\">\n\/* <![CDATA[ *\/\n\/*! This file is auto-generated *\/\n!function(d,l){\"use strict\";l.querySelector&&d.addEventListener&&\"undefined\"!=typeof URL&&(d.wp=d.wp||{},d.wp.receiveEmbedMessage||(d.wp.receiveEmbedMessage=function(e){var t=e.data;if((t||t.secret||t.message||t.value)&&!\/[^a-zA-Z0-9]\/.test(t.secret)){for(var s,r,n,a=l.querySelectorAll('iframe[data-secret=\"'+t.secret+'\"]'),o=l.querySelectorAll('blockquote[data-secret=\"'+t.secret+'\"]'),c=new RegExp(\"^https?:$\",\"i\"),i=0;i<o.length;i++)o[i].style.display=\"none\";for(i=0;i<a.length;i++)s=a[i],e.source===s.contentWindow&&(s.removeAttribute(\"style\"),\"height\"===t.message?(1e3<(r=parseInt(t.value,10))?r=1e3:~~r<200&&(r=200),s.height=r):\"link\"===t.message&&(r=new URL(s.getAttribute(\"src\")),n=new URL(t.value),c.test(n.protocol))&&n.host===r.host&&l.activeElement===s&&(d.top.location.href=t.value))}},d.addEventListener(\"message\",d.wp.receiveEmbedMessage,!1),l.addEventListener(\"DOMContentLoaded\",function(){for(var e,t,s=l.querySelectorAll(\"iframe.wp-embedded-content\"),r=0;r<s.length;r++)(t=(e=s[r]).getAttribute(\"data-secret\"))||(t=Math.random().toString(36).substring(2,12),e.src+=\"#?secret=\"+t,e.setAttribute(\"data-secret\",t)),e.contentWindow.postMessage({message:\"ready\",secret:t},\"*\")},!1)))}(window,document);\n\/\/# sourceURL=https:\/\/www.24gliwice.pl\/wiadomosci\/wp-includes\/js\/wp-embed.min.js\n\/* ]]> *\/\n<\/script>\n","thumbnail_url":"https:\/\/www.24gliwice.pl\/wiadomosci\/wp-content\/uploads\/2022\/02\/Twarze-1920-1080.jpg","thumbnail_width":810,"thumbnail_height":458,"description":"Go\u015bcie odwiedzaj\u0105cy Zamek Piastowski maj\u0105 okazj\u0119 zobaczy\u0107 zmieniony fragment ekspozycji etnograficznej, przeznaczony od teraz na wystawy czasowe. W zwi\u0105zku z trwaj\u0105cym karnawa\u0142em, w pierwszej kolejno\u015bci przygotowano wystaw\u0119 \u201eTwarze ludowego karnawa\u0142u\u201d. &nbsp; Zapusty (zwane te\u017c ostatkami), a wi\u0119c ostatnie dni karnawa\u0142u, by\u0142y istotnym momentem w obrz\u0119dowo\u015bci dorocznej na G\u00f3rnym \u015al\u0105sku. Chocia\u017c detale \u015bwi\u0119towania oraz gwarowe nazewnictwo [&hellip;]"}

"Twarze ludowego karnawału" w Zamku Piastowskim w Gliwicach. To całkiem nowa ekspozycja Muzeum - 24GLIWICE - Portal Gliwice | codziennie nowe informacje

<blockquote class="wp-embedded-content" data-secret="3uVebeyq4K"><a href="https://www.24gliwice.pl/wiadomosci/twarze-ludowego-karnawalu-w-zamku-piastowskim-w-gliwicach/">&#8220;Twarze ludowego karnawału&#8221; w Zamku Piastowskim w Gliwicach. To całkiem nowa ekspozycja Muzeum</a></blockquote><iframe sandbox="allow-scripts" security="restricted" src="https://www.24gliwice.pl/wiadomosci/twarze-ludowego-karnawalu-w-zamku-piastowskim-w-gliwicach/embed/#?secret=3uVebeyq4K" width="600" height="338" title="&#8222;&#8220;Twarze ludowego karnawału&#8221; w Zamku Piastowskim w Gliwicach. To całkiem nowa ekspozycja Muzeum&#8221; &#8212; 24GLIWICE - Portal Gliwice | codziennie nowe informacje" data-secret="3uVebeyq4K" frameborder="0" marginwidth="0" marginheight="0" scrolling="no" class="wp-embedded-content"></iframe><script type="text/javascript">
/* <![CDATA[ */
/*! This file is auto-generated */
!function(d,l){"use strict";l.querySelector&&d.addEventListener&&"undefined"!=typeof URL&&(d.wp=d.wp||{},d.wp.receiveEmbedMessage||(d.wp.receiveEmbedMessage=function(e){var t=e.data;if((t||t.secret||t.message||t.value)&&!/[^a-zA-Z0-9]/.test(t.secret)){for(var s,r,n,a=l.querySelectorAll('iframe[data-secret="'+t.secret+'"]'),o=l.querySelectorAll('blockquote[data-secret="'+t.secret+'"]'),c=new RegExp("^https?:$","i"),i=0;i<o.length;i++)o[i].style.display="none";for(i=0;i<a.length;i++)s=a[i],e.source===s.contentWindow&&(s.removeAttribute("style"),"height"===t.message?(1e3<(r=parseInt(t.value,10))?r=1e3:~~r<200&&(r=200),s.height=r):"link"===t.message&&(r=new URL(s.getAttribute("src")),n=new URL(t.value),c.test(n.protocol))&&n.host===r.host&&l.activeElement===s&&(d.top.location.href=t.value))}},d.addEventListener("message",d.wp.receiveEmbedMessage,!1),l.addEventListener("DOMContentLoaded",function(){for(var e,t,s=l.querySelectorAll("iframe.wp-embedded-content"),r=0;r<s.length;r++)(t=(e=s[r]).getAttribute("data-secret"))||(t=Math.random().toString(36).substring(2,12),e.src+="#?secret="+t,e.setAttribute("data-secret",t)),e.contentWindow.postMessage({message:"ready",secret:t},"*")},!1)))}(window,document);
//# sourceURL=https://www.24gliwice.pl/wiadomosci/wp-includes/js/wp-embed.min.js
/* ]]> */
</script>

Goście odwiedzający Zamek Piastowski mają okazję zobaczyć zmieniony fragment ekspozycji etnograficznej, przeznaczony od teraz na wystawy czasowe. W związku z trwającym karnawałem, w pierwszej kolejności przygotowano wystawę „Twarze ludowego karnawału”. &nbsp; Zapusty (zwane też ostatkami), a więc ostatnie dni karnawału, były istotnym momentem w obrzędowości dorocznej na Górnym Śląsku. Chociaż detale świętowania oraz gwarowe nazewnictwo [&hellip;]
