{"id":244868,"date":"2024-11-06T15:27:54","date_gmt":"2024-11-06T14:27:54","guid":{"rendered":"https:\/\/www.24gliwice.pl\/wiadomosci\/?page_id=244868"},"modified":"2024-11-21T18:45:18","modified_gmt":"2024-11-21T17:45:18","slug":"artykuly-sponsorowane-sponsored-articles","status":"publish","type":"page","link":"https:\/\/www.24gliwice.pl\/wiadomosci\/artykuly-sponsorowane-sponsored-articles\/","title":{"rendered":"Artyku\u0142y sponsorowane &#8211; Sponsored articles"},"content":{"rendered":"<a class=\"mks_button mks_button_small squared\" href=\"\/wiadomosci\/kontakt\" target=\"_self\" style=\"color: #FFFFFF; background-color: #6d6d6d;\" ><i class=\"fa fa-envelope-o\"><\/i>Kontakt<\/a><a class=\"mks_button mks_button_small squared\" href=\"\/wiadomosci\/onas\" target=\"_self\" style=\"color: #FFFFFF; background-color: #6d6d6d;\" ><i class=\"fa fa-list-alt\"><\/i>O nas<\/a><a class=\"mks_button mks_button_small squared\" href=\"\/wiadomosci\/reklama\" target=\"_self\" style=\"color: #FFFFFF; background-color: #dd0000;\" ><i class=\"fa fa-signal\"><\/i>Reklama<\/a><a class=\"mks_button mks_button_small squared\" href=\"\/wiadomosci\/teksty-sponsorowane\/\" target=\"_self\" style=\"color: #FFFFFF; background-color: #dd0000;\" ><i class=\"fa fa-pencil\"><\/i>Publikacje p\u0142atne<\/a><a class=\"mks_button mks_button_small squared\" href=\"\/wiadomosci\/patronaty\" target=\"_self\" style=\"color: #FFFFFF; background-color: #424242;\" ><i class=\"fa fa-rss\"><\/i>Patronaty<\/a>\n<hr \/>\n<h4>Oferujemy mo\u017cliwo\u015b\u0107 publikacji tekst\u00f3w na portalu w formie materia\u0142u sponsorowanego.<\/h4>\n<p>We offer the possibility of publishing texts on the portal as sponsored material.<\/p>\n<h3>Cena \/ Price<\/h3>\n<p>W zale\u017cno\u015bci od wybranego wariantu:<br \/>\n<strong>240 z\u0142<\/strong> &#8211; bez promocji na stronie g\u0142\u00f3wnej (<a href=\"https:\/\/www.24gliwice.pl\/wiadomosci\/category\/material_p\/\" rel=\"noopener\" target=\"_blank\">przyk\u0142ady<\/a>)<br \/>\n<strong>350 z\u0142<\/strong> &#8211; za 7 dni promocji na str. g\u0142\u00f3wnej w sekcji POLECAMY<\/p>\n<ul>\n<li>Do podanych cen nale\u017cy doliczy\u0107 podatek VAT 23%.<\/li>\n<li>Tekst i zdj\u0119cia dostarcza Zamawiaj\u0105cy.<\/li>\n<li>Publikujemy wy\u0142\u0105cznie w j\u0119zyku polskim.<\/li>\n<\/ul>\n<hr \/>\n<p>Depending on the selected variant:<br \/>\n<strong>PLN 240<\/strong> \u2013 without promotion on the home page (<a href=\"https:\/\/www.24gliwice.pl\/wiadomosci\/category\/material_p\/\" rel=\"noopener\" target=\"_blank\">examples<\/a>)<br \/>\n<strong>PLN 350<\/strong> \u2013 for 7 days of promotion on the main page in the POLECAMY section<\/p>\n<ul>\n<li>VAT 23% should be added to the given prices.<\/li>\n<li>Text and photos are provided by the Ordering Party.<\/li>\n<li>We publish only in Polish.<\/li>\n<\/ul>\n<h3>P\u0142atno\u015b\u0107 \/ Payment<\/h3>\n<p>Publikacja nast\u0119puje PO ZAKSI\u0118GOWANIU P\u0141ATNO\u015aCI, na podstawie faktury proforma wystawionej na firm\u0119.<br \/>\nFaktura wystawiana jest <strong>tylko w z\u0142otych polskich (PLN)<\/strong>. Nie wystawiamy faktur w innej walucie.<br \/>\nP\u0142atno\u015b\u0107 przyjmujemy <strong>tylko w formie przelew\u00f3w na rachunek bankowy w z\u0142otych polskich (PLN). <span style=\"color: #ff0000;\">Nie akceptujemy rozlicze\u0144 poprzez PayPal<\/span><\/strong> czy inne alternatywne instrumenty finansowe.<\/p>\n<hr \/>\n<p>Publication takes place AFTER PAYMENT HAS BEEN RECORDED, based on a proforma invoice issued to the company.<br \/>\nThe invoice is issued <strong>only in Polish zloty (PLN)<\/strong>. We do not issue invoices in other currencies.<br \/>\nWe accept payment <strong>only in the form of bank transfers in Polish zloty (PLN). <span style=\"color: #ff0000;\">We do not accept settlements via PayPal<\/span><\/strong> or other alternative financial instruments.<\/p>\n<h3>Wa\u017cne \/ Important<\/h3>\n<p><span style=\"color: #ff0000;\"><strong>Nie publikujemy tre\u015bci<\/strong>: niezgodnych z obowi\u0105zuj\u0105cym w Polsce prawem, tre\u015bci promuj\u0105cych gry hazardowe, kasyna, zak\u0142ady bukmacherskie, tre\u015bci o charakterze erotycznym, kontrowersyjnych obyczajowo. Nie zamieszczamy tre\u015bci promuj\u0105cych parabanki, chwil\u00f3wki, kryptowaluty, dopalacze, narkotyki, leki. <\/span><\/p>\n<hr \/>\n<p><span style=\"color: #ff0000;\"><strong>We do not publish content that is<\/strong>: inconsistent with applicable Polish law, content promoting gambling, casinos, bookmakers, erotic content, controversial morally. We do not publish content promoting parabanks, payday loans, cryptocurrencies, doping, drugs, medicines.<\/span><\/p>\n<h3>Specyfikacja tekstu \/ Text specification<\/h3>\n<p>&#8211; D\u0142ugo\u015b\u0107 tytu\u0142u: 40-85 znak\u00f3w<br \/>\n&#8211; Zalecana d\u0142ugo\u015b\u0107 tekstu: 2000-5000 znak\u00f3w<br \/>\n&#8211; Mo\u017ce zawiera\u0107 maksymalnie 3 linki dofollow<br \/>\n&#8211; Musi zawiera\u0107 min. 1 zdj\u0119cie (maksymalnie 3), (proporcje 16:9, minimalna szeroko\u015b\u0107 1140px). Zalecamy, \u017ceby zdj\u0119cie g\u0142\u00f3wne nie by\u0142o grafik\u0105\/reklam\u0105 z dominuj\u0105cymi napisami.<br \/>\n&#8211; Ka\u017cde zdj\u0119cie musi mie\u0107 opisane \u017ar\u00f3d\u0142o lub autora.<\/p>\n<hr \/>\n<p>\u2013 Title length: 40-85 characters<br \/>\n\u2013 Recommended text length: 2000-5000 characters<br \/>\n\u2013 Can contain up to 3 dofollow links<br \/>\n\u2013 Must contain at least 1 photo (maximum 3), (aspect ratio 16:9, minimum width 1140px). We recommend that the main photo is not a graphic\/advertisement with dominant captions.<br \/>\n&#8211; Each photo must have a description of the source or author.<\/p>\n<p><strong>Uwagi dodatkowe<\/strong><\/p>\n<ul>\n<li>Ka\u017cdy tekst pozostaje dost\u0119pny w archiwum na czas nieokre\u015blony, nie kr\u00f3tszy ni\u017c 3 lata.<\/li>\n<li>Ka\u017cdy tekst jest domy\u015blnie oznaczony jako &#8220;materia\u0142 partnera&#8221;<\/li>\n<\/ul>\n<hr \/>\n<p><strong>Additional notes<\/strong><\/p>\n<ul>\n<li>Each text remains available in the archive for an indefinite period, no shorter than 3 years.<\/li>\n<li>Each text is marked as &#8220;materia\u0142 partnera&#8221; by default<\/li>\n<\/ul>\n<hr \/>\n<a class=\"mks_button mks_button_small squared\" href=\"\/wiadomosci\/kontakt\" target=\"_self\" style=\"color: #FFFFFF; background-color: #6d6d6d;\" ><i class=\"fa fa-envelope-o\"><\/i>Kontakt<\/a><a class=\"mks_button mks_button_small squared\" href=\"\/wiadomosci\/onas\" target=\"_self\" style=\"color: #FFFFFF; background-color: #6d6d6d;\" ><i class=\"fa fa-list-alt\"><\/i>O nas<\/a><a class=\"mks_button mks_button_small squared\" href=\"\/wiadomosci\/reklama\" target=\"_self\" style=\"color: #FFFFFF; background-color: #dd0000;\" ><i class=\"fa fa-signal\"><\/i>Reklama<\/a><a class=\"mks_button mks_button_small squared\" href=\"\/wiadomosci\/teksty-sponsorowane\/\" target=\"_self\" style=\"color: #FFFFFF; background-color: #dd0000;\" ><i class=\"fa fa-pencil\"><\/i>Publikacje p\u0142atne<\/a><a class=\"mks_button mks_button_small squared\" href=\"\/wiadomosci\/patronaty\" target=\"_self\" style=\"color: #FFFFFF; background-color: #424242;\" ><i class=\"fa fa-rss\"><\/i>Patronaty<\/a>\n","protected":false},"excerpt":{"rendered":"<p>Oferujemy mo\u017cliwo\u015b\u0107 publikacji tekst\u00f3w na portalu w formie materia\u0142u sponsorowanego. We offer the possibility of publishing texts on the portal as sponsored material. Cena \/ Price W zale\u017cno\u015bci od wybranego wariantu: 240 z\u0142 &#8211; bez promocji na stronie g\u0142\u00f3wnej (przyk\u0142ady) 350 z\u0142 &#8211; za 7 dni promocji na str. g\u0142\u00f3wnej w sekcji POLECAMY Do podanych [&hellip;]<\/p>\n","protected":false},"author":4,"featured_media":0,"parent":0,"menu_order":0,"comment_status":"closed","ping_status":"closed","template":"","meta":{"_monsterinsights_skip_tracking":false,"_monsterinsights_sitenote_active":false,"_monsterinsights_sitenote_note":"","_monsterinsights_sitenote_category":0,"footnotes":"","_links_to":"","_links_to_target":""},"class_list":["post-244868","page","type-page","status-publish","hentry"],"yoast_head":"<!-- This site is optimized with the Yoast SEO plugin v27.3 - https:\/\/yoast.com\/product\/yoast-seo-wordpress\/ -->\n<title>Artyku\u0142y sponsorowane - Sponsored articles - 24GLIWICE - Portal Gliwice | codziennie nowe informacje<\/title>\n<meta name=\"robots\" content=\"index, follow, max-snippet:-1, max-image-preview:large, max-video-preview:-1\" \/>\n<link rel=\"canonical\" href=\"https:\/\/www.24gliwice.pl\/wiadomosci\/artykuly-sponsorowane-sponsored-articles\/\" \/>\n<meta property=\"og:locale\" content=\"pl_PL\" \/>\n<meta property=\"og:type\" content=\"article\" \/>\n<meta property=\"og:title\" content=\"Artyku\u0142y sponsorowane - Sponsored articles - 24GLIWICE - Portal Gliwice | codziennie nowe informacje\" \/>\n<meta property=\"og:description\" content=\"Oferujemy mo\u017cliwo\u015b\u0107 publikacji tekst\u00f3w na portalu w formie materia\u0142u sponsorowanego. We offer the possibility of publishing texts on the portal as sponsored material. Cena \/ Price W zale\u017cno\u015bci od wybranego wariantu: 240 z\u0142 &#8211; bez promocji na stronie g\u0142\u00f3wnej (przyk\u0142ady) 350 z\u0142 &#8211; za 7 dni promocji na str. g\u0142\u00f3wnej w sekcji POLECAMY Do podanych [&hellip;]\" \/>\n<meta property=\"og:url\" content=\"https:\/\/www.24gliwice.pl\/wiadomosci\/artykuly-sponsorowane-sponsored-articles\/\" \/>\n<meta property=\"og:site_name\" content=\"24GLIWICE - Portal Gliwice | codziennie nowe informacje\" \/>\n<meta property=\"article:publisher\" content=\"https:\/\/www.facebook.com\/24gliwice\" \/>\n<meta property=\"article:modified_time\" content=\"2024-11-21T17:45:18+00:00\" \/>\n<meta name=\"twitter:card\" content=\"summary_large_image\" \/>\n<meta name=\"twitter:site\" content=\"@24gliwice\" \/>\n<meta name=\"twitter:label1\" content=\"Szacowany czas czytania\" \/>\n\t<meta name=\"twitter:data1\" content=\"4 minuty\" \/>\n<script type=\"application\/ld+json\" class=\"yoast-schema-graph\">{\"@context\":\"https:\\\/\\\/schema.org\",\"@graph\":[{\"@type\":\"WebPage\",\"@id\":\"https:\\\/\\\/www.24gliwice.pl\\\/wiadomosci\\\/artykuly-sponsorowane-sponsored-articles\\\/\",\"url\":\"https:\\\/\\\/www.24gliwice.pl\\\/wiadomosci\\\/artykuly-sponsorowane-sponsored-articles\\\/\",\"name\":\"Artyku\u0142y sponsorowane - Sponsored articles - 24GLIWICE - Portal Gliwice | codziennie nowe informacje\",\"isPartOf\":{\"@id\":\"https:\\\/\\\/www.24gliwice.pl\\\/wiadomosci\\\/#website\"},\"datePublished\":\"2024-11-06T14:27:54+00:00\",\"dateModified\":\"2024-11-21T17:45:18+00:00\",\"breadcrumb\":{\"@id\":\"https:\\\/\\\/www.24gliwice.pl\\\/wiadomosci\\\/artykuly-sponsorowane-sponsored-articles\\\/#breadcrumb\"},\"inLanguage\":\"pl-PL\",\"potentialAction\":[{\"@type\":\"ReadAction\",\"target\":[\"https:\\\/\\\/www.24gliwice.pl\\\/wiadomosci\\\/artykuly-sponsorowane-sponsored-articles\\\/\"]}]},{\"@type\":\"BreadcrumbList\",\"@id\":\"https:\\\/\\\/www.24gliwice.pl\\\/wiadomosci\\\/artykuly-sponsorowane-sponsored-articles\\\/#breadcrumb\",\"itemListElement\":[{\"@type\":\"ListItem\",\"position\":1,\"name\":\"Strona g\u0142\u00f3wna\",\"item\":\"https:\\\/\\\/www.24gliwice.pl\\\/wiadomosci\\\/\"},{\"@type\":\"ListItem\",\"position\":2,\"name\":\"Artyku\u0142y sponsorowane &#8211; Sponsored articles\"}]},{\"@type\":\"WebSite\",\"@id\":\"https:\\\/\\\/www.24gliwice.pl\\\/wiadomosci\\\/#website\",\"url\":\"https:\\\/\\\/www.24gliwice.pl\\\/wiadomosci\\\/\",\"name\":\"24GLIWICE - Portal Gliwice | codziennie nowe wiadomo\u015bci\",\"description\":\"Portal Miejski Gliwice\",\"publisher\":{\"@id\":\"https:\\\/\\\/www.24gliwice.pl\\\/wiadomosci\\\/#organization\"},\"potentialAction\":[{\"@type\":\"SearchAction\",\"target\":{\"@type\":\"EntryPoint\",\"urlTemplate\":\"https:\\\/\\\/www.24gliwice.pl\\\/wiadomosci\\\/?s={search_term_string}\"},\"query-input\":{\"@type\":\"PropertyValueSpecification\",\"valueRequired\":true,\"valueName\":\"search_term_string\"}}],\"inLanguage\":\"pl-PL\"},{\"@type\":\"Organization\",\"@id\":\"https:\\\/\\\/www.24gliwice.pl\\\/wiadomosci\\\/#organization\",\"name\":\"24gliwice\",\"url\":\"https:\\\/\\\/www.24gliwice.pl\\\/wiadomosci\\\/\",\"logo\":{\"@type\":\"ImageObject\",\"inLanguage\":\"pl-PL\",\"@id\":\"https:\\\/\\\/www.24gliwice.pl\\\/wiadomosci\\\/#\\\/schema\\\/logo\\\/image\\\/\",\"url\":\"https:\\\/\\\/www.24gliwice.pl\\\/wiadomosci\\\/wp-content\\\/uploads\\\/2024\\\/10\\\/24gliwice-logo-696.jpg\",\"contentUrl\":\"https:\\\/\\\/www.24gliwice.pl\\\/wiadomosci\\\/wp-content\\\/uploads\\\/2024\\\/10\\\/24gliwice-logo-696.jpg\",\"width\":696,\"height\":696,\"caption\":\"24gliwice\"},\"image\":{\"@id\":\"https:\\\/\\\/www.24gliwice.pl\\\/wiadomosci\\\/#\\\/schema\\\/logo\\\/image\\\/\"},\"sameAs\":[\"https:\\\/\\\/www.facebook.com\\\/24gliwice\",\"https:\\\/\\\/x.com\\\/24gliwice\",\"https:\\\/\\\/www.youtube.com\\\/@24gliwice\"]}]}<\/script>\n<!-- \/ Yoast SEO plugin. -->","yoast_head_json":{"title":"Artyku\u0142y sponsorowane - Sponsored articles - 24GLIWICE - Portal Gliwice | codziennie nowe informacje","robots":{"index":"index","follow":"follow","max-snippet":"max-snippet:-1","max-image-preview":"max-image-preview:large","max-video-preview":"max-video-preview:-1"},"canonical":"https:\/\/www.24gliwice.pl\/wiadomosci\/artykuly-sponsorowane-sponsored-articles\/","og_locale":"pl_PL","og_type":"article","og_title":"Artyku\u0142y sponsorowane - Sponsored articles - 24GLIWICE - Portal Gliwice | codziennie nowe informacje","og_description":"Oferujemy mo\u017cliwo\u015b\u0107 publikacji tekst\u00f3w na portalu w formie materia\u0142u sponsorowanego. We offer the possibility of publishing texts on the portal as sponsored material. Cena \/ Price W zale\u017cno\u015bci od wybranego wariantu: 240 z\u0142 &#8211; bez promocji na stronie g\u0142\u00f3wnej (przyk\u0142ady) 350 z\u0142 &#8211; za 7 dni promocji na str. g\u0142\u00f3wnej w sekcji POLECAMY Do podanych [&hellip;]","og_url":"https:\/\/www.24gliwice.pl\/wiadomosci\/artykuly-sponsorowane-sponsored-articles\/","og_site_name":"24GLIWICE - Portal Gliwice | codziennie nowe informacje","article_publisher":"https:\/\/www.facebook.com\/24gliwice","article_modified_time":"2024-11-21T17:45:18+00:00","twitter_card":"summary_large_image","twitter_site":"@24gliwice","twitter_misc":{"Szacowany czas czytania":"4 minuty"},"schema":{"@context":"https:\/\/schema.org","@graph":[{"@type":"WebPage","@id":"https:\/\/www.24gliwice.pl\/wiadomosci\/artykuly-sponsorowane-sponsored-articles\/","url":"https:\/\/www.24gliwice.pl\/wiadomosci\/artykuly-sponsorowane-sponsored-articles\/","name":"Artyku\u0142y sponsorowane - Sponsored articles - 24GLIWICE - Portal Gliwice | codziennie nowe informacje","isPartOf":{"@id":"https:\/\/www.24gliwice.pl\/wiadomosci\/#website"},"datePublished":"2024-11-06T14:27:54+00:00","dateModified":"2024-11-21T17:45:18+00:00","breadcrumb":{"@id":"https:\/\/www.24gliwice.pl\/wiadomosci\/artykuly-sponsorowane-sponsored-articles\/#breadcrumb"},"inLanguage":"pl-PL","potentialAction":[{"@type":"ReadAction","target":["https:\/\/www.24gliwice.pl\/wiadomosci\/artykuly-sponsorowane-sponsored-articles\/"]}]},{"@type":"BreadcrumbList","@id":"https:\/\/www.24gliwice.pl\/wiadomosci\/artykuly-sponsorowane-sponsored-articles\/#breadcrumb","itemListElement":[{"@type":"ListItem","position":1,"name":"Strona g\u0142\u00f3wna","item":"https:\/\/www.24gliwice.pl\/wiadomosci\/"},{"@type":"ListItem","position":2,"name":"Artyku\u0142y sponsorowane &#8211; Sponsored articles"}]},{"@type":"WebSite","@id":"https:\/\/www.24gliwice.pl\/wiadomosci\/#website","url":"https:\/\/www.24gliwice.pl\/wiadomosci\/","name":"24GLIWICE - Portal Gliwice | codziennie nowe wiadomo\u015bci","description":"Portal Miejski Gliwice","publisher":{"@id":"https:\/\/www.24gliwice.pl\/wiadomosci\/#organization"},"potentialAction":[{"@type":"SearchAction","target":{"@type":"EntryPoint","urlTemplate":"https:\/\/www.24gliwice.pl\/wiadomosci\/?s={search_term_string}"},"query-input":{"@type":"PropertyValueSpecification","valueRequired":true,"valueName":"search_term_string"}}],"inLanguage":"pl-PL"},{"@type":"Organization","@id":"https:\/\/www.24gliwice.pl\/wiadomosci\/#organization","name":"24gliwice","url":"https:\/\/www.24gliwice.pl\/wiadomosci\/","logo":{"@type":"ImageObject","inLanguage":"pl-PL","@id":"https:\/\/www.24gliwice.pl\/wiadomosci\/#\/schema\/logo\/image\/","url":"https:\/\/www.24gliwice.pl\/wiadomosci\/wp-content\/uploads\/2024\/10\/24gliwice-logo-696.jpg","contentUrl":"https:\/\/www.24gliwice.pl\/wiadomosci\/wp-content\/uploads\/2024\/10\/24gliwice-logo-696.jpg","width":696,"height":696,"caption":"24gliwice"},"image":{"@id":"https:\/\/www.24gliwice.pl\/wiadomosci\/#\/schema\/logo\/image\/"},"sameAs":["https:\/\/www.facebook.com\/24gliwice","https:\/\/x.com\/24gliwice","https:\/\/www.youtube.com\/@24gliwice"]}]}},"_links":{"self":[{"href":"https:\/\/www.24gliwice.pl\/wiadomosci\/wp-json\/wp\/v2\/pages\/244868","targetHints":{"allow":["GET"]}}],"collection":[{"href":"https:\/\/www.24gliwice.pl\/wiadomosci\/wp-json\/wp\/v2\/pages"}],"about":[{"href":"https:\/\/www.24gliwice.pl\/wiadomosci\/wp-json\/wp\/v2\/types\/page"}],"author":[{"embeddable":true,"href":"https:\/\/www.24gliwice.pl\/wiadomosci\/wp-json\/wp\/v2\/users\/4"}],"replies":[{"embeddable":true,"href":"https:\/\/www.24gliwice.pl\/wiadomosci\/wp-json\/wp\/v2\/comments?post=244868"}],"version-history":[{"count":32,"href":"https:\/\/www.24gliwice.pl\/wiadomosci\/wp-json\/wp\/v2\/pages\/244868\/revisions"}],"predecessor-version":[{"id":245681,"href":"https:\/\/www.24gliwice.pl\/wiadomosci\/wp-json\/wp\/v2\/pages\/244868\/revisions\/245681"}],"wp:attachment":[{"href":"https:\/\/www.24gliwice.pl\/wiadomosci\/wp-json\/wp\/v2\/media?parent=244868"}],"curies":[{"name":"wp","href":"https:\/\/api.w.org\/{rel}","templated":true}]}}