{"id":90906,"date":"2025-10-30T20:59:46","date_gmt":"2025-10-30T19:59:46","guid":{"rendered":"http:\/\/www.24gliwice.pl\/wiadomosci\/?page_id=90906"},"modified":"2025-11-12T01:28:44","modified_gmt":"2025-11-12T00:28:44","slug":"onas","status":"publish","type":"page","link":"https:\/\/www.24gliwice.pl\/wiadomosci\/onas\/","title":{"rendered":"O nas  | Statystyki"},"content":{"rendered":"<div class=\"gliwi-a6-nad-leadem-artykulow gliwi-entity-placement\" id=\"gliwi-1949944992\"><div id=\"gliwi-991529494\" style=\"margin-bottom: 30px;margin-left: auto;margin-right: auto;text-align: center;\"><a data-no-instant=\"1\" href=\"https:\/\/przedszkole.halogen.org.pl\/\" rel=\"noopener\" class=\"a2t-link\" target=\"_blank\" aria-label=\"20260402-ANIMATOR-przedszkole_grafika_750x200\"><img loading=\"lazy\" decoding=\"async\" src=\"https:\/\/www.24gliwice.pl\/wiadomosci\/wp-content\/uploads\/2026\/04\/20260402-ANIMATOR-przedszkole_grafika_750x200.webp\" alt=\"\"  srcset=\"https:\/\/www.24gliwice.pl\/wiadomosci\/wp-content\/uploads\/2026\/04\/20260402-ANIMATOR-przedszkole_grafika_750x200.webp 750w, https:\/\/www.24gliwice.pl\/wiadomosci\/wp-content\/uploads\/2026\/04\/20260402-ANIMATOR-przedszkole_grafika_750x200-410x109.webp 410w\" sizes=\"(max-width: 750px) 100vw, 750px\" class=\"no-lazyload\" width=\"750\" height=\"200\"  style=\"display: inline-block; max-width: 100%; height: auto;\" \/><\/a><\/div><\/div><a class=\"mks_button mks_button_small squared\" href=\"\/wiadomosci\/kontakt\" target=\"_self\" style=\"color: #FFFFFF; background-color: #6d6d6d;\" ><i class=\"fa fa-envelope-o\"><\/i>Kontakt<\/a><a class=\"mks_button mks_button_small squared\" href=\"\/wiadomosci\/onas\" target=\"_self\" style=\"color: #FFFFFF; background-color: #6d6d6d;\" ><i class=\"fa fa-list-alt\"><\/i>O nas<\/a><a class=\"mks_button mks_button_small squared\" href=\"\/wiadomosci\/reklama\" target=\"_self\" style=\"color: #FFFFFF; background-color: #dd0000;\" ><i class=\"fa fa-signal\"><\/i>Reklama<\/a><a class=\"mks_button mks_button_small squared\" href=\"\/wiadomosci\/teksty-sponsorowane\/\" target=\"_self\" style=\"color: #FFFFFF; background-color: #dd0000;\" ><i class=\"fa fa-pencil\"><\/i>Publikacje p\u0142atne<\/a><a class=\"mks_button mks_button_small squared\" href=\"\/wiadomosci\/patronaty\" target=\"_self\" style=\"color: #FFFFFF; background-color: #424242;\" ><i class=\"fa fa-rss\"><\/i>Patronaty<\/a>\n<hr \/>\n<h3>24gliwice to lider na rynku lokalnych portali informacyjnych w Gliwicach.<\/h3>\n<p>Wyr\u00f3\u017cniamy si\u0119 wysokim wska\u017anikiem <strong>autorskich informacji codziennie opracowywanych przez zesp\u00f3\u0142 dziennikarzy<\/strong>. Portal dysponuje profesjonalnym zapleczem technicznym, r\u00f3wnie\u017c w\u0142asnym studiem, w kt\u00f3rym realizowane s\u0105 programy telewizyjne. <\/p>\n<p>Jeste\u015bmy opiniotw\u00f3rczy. 24gliwice od lat jest jedyn\u0105 gliwick\u0105 redakcj\u0105 organizuj\u0105c\u0105 np. najwa\u017cniejsze debaty kandydat\u00f3w w kolejnych wyborach prezydenckich.<\/p><div class=\"gliwi-a3-w-tresci-artykulow gliwi-entity-placement\" id=\"gliwi-458704816\"><div id=\"gliwi-843419707\" style=\"margin-bottom: 30px;margin-left: auto;margin-right: auto;text-align: center;\"><a data-no-instant=\"1\" href=\"https:\/\/ogrodyandersa.pl\/\" rel=\"noopener\" class=\"a2t-link\" target=\"_blank\" aria-label=\"20260415 Ogrody Andersa KUP TERAZ D\"><img loading=\"lazy\" decoding=\"async\" src=\"https:\/\/www.24gliwice.pl\/wiadomosci\/wp-content\/uploads\/2026\/04\/20260415-Ogrody-Andersa-KUP-TERAZ-D.jpg\" alt=\"\"  srcset=\"https:\/\/www.24gliwice.pl\/wiadomosci\/wp-content\/uploads\/2026\/04\/20260415-Ogrody-Andersa-KUP-TERAZ-D.jpg 750w, https:\/\/www.24gliwice.pl\/wiadomosci\/wp-content\/uploads\/2026\/04\/20260415-Ogrody-Andersa-KUP-TERAZ-D-410x109.jpg 410w\" sizes=\"(max-width: 750px) 100vw, 750px\" class=\"no-lazyload\" width=\"750\" height=\"200\"  style=\"display: inline-block; max-width: 100%; height: auto;\" \/><\/a><\/div><\/div>\n<p><iframe loading=\"lazy\" width=\"810\" height=\"456\" src=\"https:\/\/www.youtube.com\/embed\/VsWFuvm55oI?si=b0AIhQq1CAb8W98x\" title=\"YouTube video player\" frameborder=\"0\" allow=\"accelerometer; autoplay; clipboard-write; encrypted-media; gyroscope; picture-in-picture; web-share\" referrerpolicy=\"strict-origin-when-cross-origin\" allowfullscreen><\/iframe><\/p>\n<p>W ostatnich latach go\u015bcili\u015bmy znane postacie ze \u015bwiata polskiej kultury, rozrywki i polityki, w tym dw\u00f3ch by\u0142ych premier\u00f3w RP. W swoim portfolio mamy tre\u015bci informacyjne, publicystyczne i historyczne.<\/p>\n<p><iframe loading=\"lazy\" width=\"810\" height=\"456\" src=\"https:\/\/www.youtube.com\/embed\/it71OMy-3kI\" title=\"YouTube video player\" frameborder=\"0\" allow=\"accelerometer; autoplay; clipboard-write; encrypted-media; gyroscope; picture-in-picture; web-share\" allowfullscreen><\/iframe><iframe loading=\"lazy\" width=\"810\" height=\"456\" src=\"https:\/\/www.youtube.com\/embed\/73uigDYvOrA\" title=\"YouTube video player\" frameborder=\"0\" allow=\"accelerometer; autoplay; clipboard-write; encrypted-media; gyroscope; picture-in-picture; web-share\" allowfullscreen><\/iframe><iframe loading=\"lazy\" width=\"810\" height=\"456\" src=\"https:\/\/www.youtube.com\/embed\/4l2okvnIvMw\" title=\"YouTube video player\" frameborder=\"0\" allow=\"accelerometer; autoplay; clipboard-write; encrypted-media; gyroscope; picture-in-picture; web-share\" allowfullscreen><\/iframe><iframe loading=\"lazy\" width=\"810\" height=\"456\" src=\"https:\/\/www.youtube.com\/embed\/RwNPn_RMyrs\" title=\"YouTube video player\" frameborder=\"0\" allow=\"accelerometer; autoplay; clipboard-write; encrypted-media; gyroscope; picture-in-picture; web-share\" allowfullscreen><\/iframe><img loading=\"lazy\" decoding=\"async\" src=\"http:\/\/www.24gliwice.pl\/wiadomosci\/wp-content\/uploads\/2016\/11\/1-20150425_132757-nissan-810x421.jpg\" alt=\"1-20150425_132757-nissan\" width=\"810\" height=\"421\" class=\"aligncenter size-large wp-image-91095\" srcset=\"https:\/\/www.24gliwice.pl\/wiadomosci\/wp-content\/uploads\/2016\/11\/1-20150425_132757-nissan.jpg 810w, https:\/\/www.24gliwice.pl\/wiadomosci\/wp-content\/uploads\/2016\/11\/1-20150425_132757-nissan-410x213.jpg 410w, https:\/\/www.24gliwice.pl\/wiadomosci\/wp-content\/uploads\/2016\/11\/1-20150425_132757-nissan-768x399.jpg 768w, https:\/\/www.24gliwice.pl\/wiadomosci\/wp-content\/uploads\/2016\/11\/1-20150425_132757-nissan-375x195.jpg 375w\" sizes=\"auto, (max-width: 810px) 100vw, 810px\" \/><\/p>\n<p>24gliwice jest portalem niezale\u017cnym, finansowanym przede wszystkim z komercyjnych reklam i og\u0142osze\u0144. <\/p>\n<h2><span style=\"color: #c70808;\">Badania czytelnictwa<\/span><\/h2>\n<p><strong>24gliwice.pl w kolejnych badaniach przeprowadzanych przez profesjonalne sonda\u017cownie jest najcz\u0119\u015bciej wskazywany przez gliwiczan<\/strong> jako \u017ar\u00f3d\u0142o informacji o mie\u015bcie.<\/p>\n<p><img loading=\"lazy\" decoding=\"async\" src=\"https:\/\/www.24gliwice.pl\/wiadomosci\/wp-content\/uploads\/2018\/04\/cbos-portale-gliwice-1.jpg\" alt=\"\" width=\"810\" height=\"777\" class=\"aligncenter size-full wp-image-115520\" srcset=\"https:\/\/www.24gliwice.pl\/wiadomosci\/wp-content\/uploads\/2018\/04\/cbos-portale-gliwice-1.jpg 810w, https:\/\/www.24gliwice.pl\/wiadomosci\/wp-content\/uploads\/2018\/04\/cbos-portale-gliwice-1-242x232.jpg 242w, https:\/\/www.24gliwice.pl\/wiadomosci\/wp-content\/uploads\/2018\/04\/cbos-portale-gliwice-1-768x737.jpg 768w, https:\/\/www.24gliwice.pl\/wiadomosci\/wp-content\/uploads\/2018\/04\/cbos-portale-gliwice-1-474x455.jpg 474w\" sizes=\"auto, (max-width: 810px) 100vw, 810px\" \/><\/p>\n<p>Potwierdzaj\u0105 to <a href=\"https:\/\/www.24gliwice.pl\/wiadomosci\/cbos-24gliwice-numerem-1-w-gliwicach\/\">badania CBOS<\/a> i wcze\u015bniejsze przeprowadzone przez <strong>TNS Polska<\/strong> na zlecenie Urz\u0119du Miejskiego w Gliwicach. 24gliwice za ka\u017cdym razem by\u0142 najcz\u0119\u015bciej wybieranym przez mieszka\u0144c\u00f3w lokalnym portalem informacyjnym w Gliwicach. <\/p>\n<h2><span style=\"color: #c70808;\">Statystyki<\/span><\/h2>\n<p>Prezentuj\u0105c szczeg\u00f3\u0142owe statystyki portalu, powo\u0142ujemy si\u0119 przede wszystkim na miarodajne \u017ar\u00f3d\u0142a, takie jak <strong><a href=\"https:\/\/www.24gliwice.pl\/wiadomosci\/24gliwice-liderem-informacji-w-gliwicach\/\">Google Analytics<\/a><\/strong>.<br \/>\nW pa\u017adzierniku 2025 odnotowali\u015bmy <strong>w skali 1 miesi\u0105ca<\/strong> rekordow\u0105 liczb\u0119 unikalnych u\u017cytkownik\u00f3w:<\/p>\n<h4>1 mln 275 tys. wy\u015bwietle\u0144<br \/>\n453 tys. unikalnych u\u017cytkownik\u00f3w<\/h4>\n<p>&nbsp;<\/p>\n<h2><span style=\"color: #c70808;\">Zaanga\u017cowanie<\/span><\/h2>\n<p>24gliwice to najbardziej opiniotw\u00f3rcze \u017cr\u00f3d\u0142o informacji o Gliwicach. Ponad 400 tysi\u0119cy komentarzy pod tekstami to wynik nieosi\u0105galny dla wszystkich gliwickich portali informacyjnych&#8230; \u0142\u0105cznie!<\/p>\n<p><strong>24gliwice jest r\u00f3wnie\u017c aktywny na portalach spo\u0142eczno\u015bciowych.<\/strong> Posiadamy ponad 73 tysi\u0105ce obserwuj\u0105cych gliwiczan na <a href=\"https:\/\/www.facebook.com\/24gliwice\" target=\"_blank\" rel=\"noopener noreferrer\">Facebooku<\/a> i pozycj\u0119 lidera na <a href=\"https:\/\/www.youtube.com\/user\/24gliwice\" target=\"_blank\" rel=\"noopener noreferrer\">Youtube<\/a>. Nasz kana\u0142 YouTube z materia\u0142ami telewizyjnymi dotycz\u0105cymi Gliwic odnotowa\u0142 ponad 9 mln odtworze\u0144. <\/p>\n<p><img loading=\"lazy\" decoding=\"async\" src=\"http:\/\/www.24gliwice.pl\/wiadomosci\/wp-content\/uploads\/2016\/11\/spolecznosciowe-660x455.jpg\" alt=\"spolecznosciowe\" width=\"660\" height=\"455\" class=\"aligncenter size-large wp-image-91100\" srcset=\"https:\/\/www.24gliwice.pl\/wiadomosci\/wp-content\/uploads\/2016\/11\/spolecznosciowe-660x455.jpg 660w, https:\/\/www.24gliwice.pl\/wiadomosci\/wp-content\/uploads\/2016\/11\/spolecznosciowe-337x232.jpg 337w, https:\/\/www.24gliwice.pl\/wiadomosci\/wp-content\/uploads\/2016\/11\/spolecznosciowe-768x529.jpg 768w, https:\/\/www.24gliwice.pl\/wiadomosci\/wp-content\/uploads\/2016\/11\/spolecznosciowe.jpg 810w, https:\/\/www.24gliwice.pl\/wiadomosci\/wp-content\/uploads\/2016\/11\/spolecznosciowe-145x100.jpg 145w\" sizes=\"auto, (max-width: 660px) 100vw, 660px\" \/><\/p>\n<p>24gliwice daje szerok\u0105 mo\u017cliwo\u015b\u0107 promocji i reklamy, zapewniaj\u0105c <strong>najwy\u017csz\u0105 w Gliwicach skuteczno\u015b\u0107 w dotarciu do odbiorc\u00f3w<\/strong>. Zach\u0119camy do skorzystania z naszej oferty.<\/p>\n<hr \/>\n<a class=\"mks_button mks_button_small squared\" href=\"\/wiadomosci\/kontakt\" target=\"_self\" style=\"color: #FFFFFF; background-color: #6d6d6d;\" ><i class=\"fa fa-envelope-o\"><\/i>Kontakt<\/a><a class=\"mks_button mks_button_small squared\" href=\"\/wiadomosci\/onas\" target=\"_self\" style=\"color: #FFFFFF; background-color: #6d6d6d;\" ><i class=\"fa fa-list-alt\"><\/i>O nas<\/a><a class=\"mks_button mks_button_small squared\" href=\"\/wiadomosci\/reklama\" target=\"_self\" style=\"color: #FFFFFF; background-color: #dd0000;\" ><i class=\"fa fa-signal\"><\/i>Reklama<\/a><a class=\"mks_button mks_button_small squared\" href=\"\/wiadomosci\/teksty-sponsorowane\/\" target=\"_self\" style=\"color: #FFFFFF; background-color: #dd0000;\" ><i class=\"fa fa-pencil\"><\/i>Publikacje p\u0142atne<\/a><a class=\"mks_button mks_button_small squared\" href=\"\/wiadomosci\/patronaty\" target=\"_self\" style=\"color: #FFFFFF; background-color: #424242;\" ><i class=\"fa fa-rss\"><\/i>Patronaty<\/a>\n<div class=\"gliwi-a5-na-koncu-artykulow gliwi-entity-placement\" id=\"gliwi-4252306759\"><div id=\"gliwi-1328657333\" style=\"margin-left: auto;margin-right: auto;text-align: center;\"><a data-no-instant=\"1\" href=\"https:\/\/fence-konferencja.pl\/\" rel=\"noopener\" class=\"a2t-link\" target=\"_blank\" aria-label=\"20260506 PREZERO ARENA FENCE 750 200 2\"><img loading=\"lazy\" decoding=\"async\" src=\"https:\/\/www.24gliwice.pl\/wiadomosci\/wp-content\/uploads\/2026\/03\/20260506-PREZERO-ARENA-FENCE-750-200-2.png\" alt=\"\"  srcset=\"https:\/\/www.24gliwice.pl\/wiadomosci\/wp-content\/uploads\/2026\/03\/20260506-PREZERO-ARENA-FENCE-750-200-2.png 750w, https:\/\/www.24gliwice.pl\/wiadomosci\/wp-content\/uploads\/2026\/03\/20260506-PREZERO-ARENA-FENCE-750-200-2-410x109.png 410w\" sizes=\"(max-width: 750px) 100vw, 750px\" class=\"no-lazyload\" width=\"750\" height=\"200\"  style=\"display: inline-block; max-width: 100%; height: auto;\" \/><\/a><\/div><\/div>","protected":false},"excerpt":{"rendered":"<p>24gliwice to lider na rynku lokalnych portali informacyjnych w Gliwicach. Wyr\u00f3\u017cniamy si\u0119 wysokim wska\u017anikiem autorskich informacji codziennie opracowywanych przez zesp\u00f3\u0142 dziennikarzy. Portal dysponuje profesjonalnym zapleczem technicznym, r\u00f3wnie\u017c w\u0142asnym studiem, w kt\u00f3rym realizowane s\u0105 programy telewizyjne. Jeste\u015bmy opiniotw\u00f3rczy. 24gliwice od lat jest jedyn\u0105 gliwick\u0105 redakcj\u0105 organizuj\u0105c\u0105 np. najwa\u017cniejsze debaty kandydat\u00f3w w kolejnych wyborach prezydenckich. W ostatnich [&hellip;]<\/p>\n","protected":false},"author":4,"featured_media":90724,"parent":0,"menu_order":0,"comment_status":"closed","ping_status":"closed","template":"","meta":{"_monsterinsights_skip_tracking":false,"_monsterinsights_sitenote_active":false,"_monsterinsights_sitenote_note":"","_monsterinsights_sitenote_category":0,"footnotes":"","_links_to":"","_links_to_target":""},"class_list":["post-90906","page","type-page","status-publish","has-post-thumbnail","hentry"],"yoast_head":"<!-- This site is optimized with the Yoast SEO plugin v27.5 - https:\/\/yoast.com\/product\/yoast-seo-wordpress\/ -->\n<title>O nas | Statystyki - 24GLIWICE - Portal Gliwice | codziennie nowe informacje<\/title>\n<meta name=\"robots\" content=\"index, follow, max-snippet:-1, max-image-preview:large, max-video-preview:-1\" \/>\n<link rel=\"canonical\" href=\"https:\/\/www.24gliwice.pl\/wiadomosci\/onas\/\" \/>\n<meta property=\"og:locale\" content=\"pl_PL\" \/>\n<meta property=\"og:type\" content=\"article\" \/>\n<meta property=\"og:title\" content=\"O nas | Statystyki - 24GLIWICE - Portal Gliwice | codziennie nowe informacje\" \/>\n<meta property=\"og:description\" content=\"24gliwice to lider na rynku lokalnych portali informacyjnych w Gliwicach. Wyr\u00f3\u017cniamy si\u0119 wysokim wska\u017anikiem autorskich informacji codziennie opracowywanych przez zesp\u00f3\u0142 dziennikarzy. Portal dysponuje profesjonalnym zapleczem technicznym, r\u00f3wnie\u017c w\u0142asnym studiem, w kt\u00f3rym realizowane s\u0105 programy telewizyjne. Jeste\u015bmy opiniotw\u00f3rczy. 24gliwice od lat jest jedyn\u0105 gliwick\u0105 redakcj\u0105 organizuj\u0105c\u0105 np. najwa\u017cniejsze debaty kandydat\u00f3w w kolejnych wyborach prezydenckich. W ostatnich [&hellip;]\" \/>\n<meta property=\"og:url\" content=\"https:\/\/www.24gliwice.pl\/wiadomosci\/onas\/\" \/>\n<meta property=\"og:site_name\" content=\"24GLIWICE - Portal Gliwice | codziennie nowe informacje\" \/>\n<meta property=\"article:publisher\" content=\"https:\/\/www.facebook.com\/24gliwice\" \/>\n<meta property=\"article:modified_time\" content=\"2025-11-12T00:28:44+00:00\" \/>\n<meta property=\"og:image\" content=\"https:\/\/www.24gliwice.pl\/wiadomosci\/wp-content\/uploads\/2016\/11\/redakcja.jpg\" \/>\n\t<meta property=\"og:image:width\" content=\"810\" \/>\n\t<meta property=\"og:image:height\" content=\"213\" \/>\n\t<meta property=\"og:image:type\" content=\"image\/jpeg\" \/>\n<meta name=\"twitter:card\" content=\"summary_large_image\" \/>\n<meta name=\"twitter:site\" content=\"@24gliwice\" \/>\n<meta name=\"twitter:label1\" content=\"Szacowany czas czytania\" \/>\n\t<meta name=\"twitter:data1\" content=\"3 minuty\" \/>\n<script type=\"application\/ld+json\" class=\"yoast-schema-graph\">{\"@context\":\"https:\\\/\\\/schema.org\",\"@graph\":[{\"@type\":\"WebPage\",\"@id\":\"https:\\\/\\\/www.24gliwice.pl\\\/wiadomosci\\\/onas\\\/\",\"url\":\"https:\\\/\\\/www.24gliwice.pl\\\/wiadomosci\\\/onas\\\/\",\"name\":\"O nas | Statystyki - 24GLIWICE - Portal Gliwice | codziennie nowe informacje\",\"isPartOf\":{\"@id\":\"https:\\\/\\\/www.24gliwice.pl\\\/wiadomosci\\\/#website\"},\"primaryImageOfPage\":{\"@id\":\"https:\\\/\\\/www.24gliwice.pl\\\/wiadomosci\\\/onas\\\/#primaryimage\"},\"image\":{\"@id\":\"https:\\\/\\\/www.24gliwice.pl\\\/wiadomosci\\\/onas\\\/#primaryimage\"},\"thumbnailUrl\":\"https:\\\/\\\/www.24gliwice.pl\\\/wiadomosci\\\/wp-content\\\/uploads\\\/2016\\\/11\\\/redakcja.jpg\",\"datePublished\":\"2025-10-30T19:59:46+00:00\",\"dateModified\":\"2025-11-12T00:28:44+00:00\",\"breadcrumb\":{\"@id\":\"https:\\\/\\\/www.24gliwice.pl\\\/wiadomosci\\\/onas\\\/#breadcrumb\"},\"inLanguage\":\"pl-PL\",\"potentialAction\":[{\"@type\":\"ReadAction\",\"target\":[\"https:\\\/\\\/www.24gliwice.pl\\\/wiadomosci\\\/onas\\\/\"]}]},{\"@type\":\"ImageObject\",\"inLanguage\":\"pl-PL\",\"@id\":\"https:\\\/\\\/www.24gliwice.pl\\\/wiadomosci\\\/onas\\\/#primaryimage\",\"url\":\"https:\\\/\\\/www.24gliwice.pl\\\/wiadomosci\\\/wp-content\\\/uploads\\\/2016\\\/11\\\/redakcja.jpg\",\"contentUrl\":\"https:\\\/\\\/www.24gliwice.pl\\\/wiadomosci\\\/wp-content\\\/uploads\\\/2016\\\/11\\\/redakcja.jpg\",\"width\":810,\"height\":213},{\"@type\":\"BreadcrumbList\",\"@id\":\"https:\\\/\\\/www.24gliwice.pl\\\/wiadomosci\\\/onas\\\/#breadcrumb\",\"itemListElement\":[{\"@type\":\"ListItem\",\"position\":1,\"name\":\"Strona g\u0142\u00f3wna\",\"item\":\"https:\\\/\\\/www.24gliwice.pl\\\/wiadomosci\\\/\"},{\"@type\":\"ListItem\",\"position\":2,\"name\":\"O nas | Statystyki\"}]},{\"@type\":\"WebSite\",\"@id\":\"https:\\\/\\\/www.24gliwice.pl\\\/wiadomosci\\\/#website\",\"url\":\"https:\\\/\\\/www.24gliwice.pl\\\/wiadomosci\\\/\",\"name\":\"24GLIWICE - Portal Gliwice | codziennie nowe wiadomo\u015bci\",\"description\":\"Portal Miejski Gliwice\",\"publisher\":{\"@id\":\"https:\\\/\\\/www.24gliwice.pl\\\/wiadomosci\\\/#organization\"},\"potentialAction\":[{\"@type\":\"SearchAction\",\"target\":{\"@type\":\"EntryPoint\",\"urlTemplate\":\"https:\\\/\\\/www.24gliwice.pl\\\/wiadomosci\\\/?s={search_term_string}\"},\"query-input\":{\"@type\":\"PropertyValueSpecification\",\"valueRequired\":true,\"valueName\":\"search_term_string\"}}],\"inLanguage\":\"pl-PL\"},{\"@type\":\"Organization\",\"@id\":\"https:\\\/\\\/www.24gliwice.pl\\\/wiadomosci\\\/#organization\",\"name\":\"24gliwice\",\"url\":\"https:\\\/\\\/www.24gliwice.pl\\\/wiadomosci\\\/\",\"logo\":{\"@type\":\"ImageObject\",\"inLanguage\":\"pl-PL\",\"@id\":\"https:\\\/\\\/www.24gliwice.pl\\\/wiadomosci\\\/#\\\/schema\\\/logo\\\/image\\\/\",\"url\":\"https:\\\/\\\/www.24gliwice.pl\\\/wiadomosci\\\/wp-content\\\/uploads\\\/2024\\\/10\\\/24gliwice-logo-696.jpg\",\"contentUrl\":\"https:\\\/\\\/www.24gliwice.pl\\\/wiadomosci\\\/wp-content\\\/uploads\\\/2024\\\/10\\\/24gliwice-logo-696.jpg\",\"width\":696,\"height\":696,\"caption\":\"24gliwice\"},\"image\":{\"@id\":\"https:\\\/\\\/www.24gliwice.pl\\\/wiadomosci\\\/#\\\/schema\\\/logo\\\/image\\\/\"},\"sameAs\":[\"https:\\\/\\\/www.facebook.com\\\/24gliwice\",\"https:\\\/\\\/x.com\\\/24gliwice\",\"https:\\\/\\\/www.youtube.com\\\/@24gliwice\"]}]}<\/script>\n<!-- \/ Yoast SEO plugin. -->","yoast_head_json":{"title":"O nas | Statystyki - 24GLIWICE - Portal Gliwice | codziennie nowe informacje","robots":{"index":"index","follow":"follow","max-snippet":"max-snippet:-1","max-image-preview":"max-image-preview:large","max-video-preview":"max-video-preview:-1"},"canonical":"https:\/\/www.24gliwice.pl\/wiadomosci\/onas\/","og_locale":"pl_PL","og_type":"article","og_title":"O nas | Statystyki - 24GLIWICE - Portal Gliwice | codziennie nowe informacje","og_description":"24gliwice to lider na rynku lokalnych portali informacyjnych w Gliwicach. Wyr\u00f3\u017cniamy si\u0119 wysokim wska\u017anikiem autorskich informacji codziennie opracowywanych przez zesp\u00f3\u0142 dziennikarzy. Portal dysponuje profesjonalnym zapleczem technicznym, r\u00f3wnie\u017c w\u0142asnym studiem, w kt\u00f3rym realizowane s\u0105 programy telewizyjne. Jeste\u015bmy opiniotw\u00f3rczy. 24gliwice od lat jest jedyn\u0105 gliwick\u0105 redakcj\u0105 organizuj\u0105c\u0105 np. najwa\u017cniejsze debaty kandydat\u00f3w w kolejnych wyborach prezydenckich. W ostatnich [&hellip;]","og_url":"https:\/\/www.24gliwice.pl\/wiadomosci\/onas\/","og_site_name":"24GLIWICE - Portal Gliwice | codziennie nowe informacje","article_publisher":"https:\/\/www.facebook.com\/24gliwice","article_modified_time":"2025-11-12T00:28:44+00:00","og_image":[{"width":810,"height":213,"url":"https:\/\/www.24gliwice.pl\/wiadomosci\/wp-content\/uploads\/2016\/11\/redakcja.jpg","type":"image\/jpeg"}],"twitter_card":"summary_large_image","twitter_site":"@24gliwice","twitter_misc":{"Szacowany czas czytania":"3 minuty"},"schema":{"@context":"https:\/\/schema.org","@graph":[{"@type":"WebPage","@id":"https:\/\/www.24gliwice.pl\/wiadomosci\/onas\/","url":"https:\/\/www.24gliwice.pl\/wiadomosci\/onas\/","name":"O nas | Statystyki - 24GLIWICE - Portal Gliwice | codziennie nowe informacje","isPartOf":{"@id":"https:\/\/www.24gliwice.pl\/wiadomosci\/#website"},"primaryImageOfPage":{"@id":"https:\/\/www.24gliwice.pl\/wiadomosci\/onas\/#primaryimage"},"image":{"@id":"https:\/\/www.24gliwice.pl\/wiadomosci\/onas\/#primaryimage"},"thumbnailUrl":"https:\/\/www.24gliwice.pl\/wiadomosci\/wp-content\/uploads\/2016\/11\/redakcja.jpg","datePublished":"2025-10-30T19:59:46+00:00","dateModified":"2025-11-12T00:28:44+00:00","breadcrumb":{"@id":"https:\/\/www.24gliwice.pl\/wiadomosci\/onas\/#breadcrumb"},"inLanguage":"pl-PL","potentialAction":[{"@type":"ReadAction","target":["https:\/\/www.24gliwice.pl\/wiadomosci\/onas\/"]}]},{"@type":"ImageObject","inLanguage":"pl-PL","@id":"https:\/\/www.24gliwice.pl\/wiadomosci\/onas\/#primaryimage","url":"https:\/\/www.24gliwice.pl\/wiadomosci\/wp-content\/uploads\/2016\/11\/redakcja.jpg","contentUrl":"https:\/\/www.24gliwice.pl\/wiadomosci\/wp-content\/uploads\/2016\/11\/redakcja.jpg","width":810,"height":213},{"@type":"BreadcrumbList","@id":"https:\/\/www.24gliwice.pl\/wiadomosci\/onas\/#breadcrumb","itemListElement":[{"@type":"ListItem","position":1,"name":"Strona g\u0142\u00f3wna","item":"https:\/\/www.24gliwice.pl\/wiadomosci\/"},{"@type":"ListItem","position":2,"name":"O nas | Statystyki"}]},{"@type":"WebSite","@id":"https:\/\/www.24gliwice.pl\/wiadomosci\/#website","url":"https:\/\/www.24gliwice.pl\/wiadomosci\/","name":"24GLIWICE - Portal Gliwice | codziennie nowe wiadomo\u015bci","description":"Portal Miejski Gliwice","publisher":{"@id":"https:\/\/www.24gliwice.pl\/wiadomosci\/#organization"},"potentialAction":[{"@type":"SearchAction","target":{"@type":"EntryPoint","urlTemplate":"https:\/\/www.24gliwice.pl\/wiadomosci\/?s={search_term_string}"},"query-input":{"@type":"PropertyValueSpecification","valueRequired":true,"valueName":"search_term_string"}}],"inLanguage":"pl-PL"},{"@type":"Organization","@id":"https:\/\/www.24gliwice.pl\/wiadomosci\/#organization","name":"24gliwice","url":"https:\/\/www.24gliwice.pl\/wiadomosci\/","logo":{"@type":"ImageObject","inLanguage":"pl-PL","@id":"https:\/\/www.24gliwice.pl\/wiadomosci\/#\/schema\/logo\/image\/","url":"https:\/\/www.24gliwice.pl\/wiadomosci\/wp-content\/uploads\/2024\/10\/24gliwice-logo-696.jpg","contentUrl":"https:\/\/www.24gliwice.pl\/wiadomosci\/wp-content\/uploads\/2024\/10\/24gliwice-logo-696.jpg","width":696,"height":696,"caption":"24gliwice"},"image":{"@id":"https:\/\/www.24gliwice.pl\/wiadomosci\/#\/schema\/logo\/image\/"},"sameAs":["https:\/\/www.facebook.com\/24gliwice","https:\/\/x.com\/24gliwice","https:\/\/www.youtube.com\/@24gliwice"]}]}},"_links":{"self":[{"href":"https:\/\/www.24gliwice.pl\/wiadomosci\/wp-json\/wp\/v2\/pages\/90906","targetHints":{"allow":["GET"]}}],"collection":[{"href":"https:\/\/www.24gliwice.pl\/wiadomosci\/wp-json\/wp\/v2\/pages"}],"about":[{"href":"https:\/\/www.24gliwice.pl\/wiadomosci\/wp-json\/wp\/v2\/types\/page"}],"author":[{"embeddable":true,"href":"https:\/\/www.24gliwice.pl\/wiadomosci\/wp-json\/wp\/v2\/users\/4"}],"replies":[{"embeddable":true,"href":"https:\/\/www.24gliwice.pl\/wiadomosci\/wp-json\/wp\/v2\/comments?post=90906"}],"version-history":[{"count":0,"href":"https:\/\/www.24gliwice.pl\/wiadomosci\/wp-json\/wp\/v2\/pages\/90906\/revisions"}],"wp:featuredmedia":[{"embeddable":true,"href":"https:\/\/www.24gliwice.pl\/wiadomosci\/wp-json\/wp\/v2\/media\/90724"}],"wp:attachment":[{"href":"https:\/\/www.24gliwice.pl\/wiadomosci\/wp-json\/wp\/v2\/media?parent=90906"}],"curies":[{"name":"wp","href":"https:\/\/api.w.org\/{rel}","templated":true}]}}